{"id":2,"date":"2024-08-13T18:32:43","date_gmt":"2024-08-13T16:32:43","guid":{"rendered":"http:\/\/annerozennpichoncuiec-psychologue.fr\/?page_id=2"},"modified":"2024-08-29T10:21:44","modified_gmt":"2024-08-29T08:21:44","slug":"psychologue-brest","status":"publish","type":"page","link":"https:\/\/annerozennpichoncuiec-psychologue.fr\/","title":{"rendered":"Accueil"},"content":{"rendered":"\n<figure class=\"wp-block-gallery aligncenter has-nested-images columns-default is-cropped wp-block-gallery-1 is-layout-flex wp-block-gallery-is-layout-flex\">\n<figure class=\"wp-block-image size-large\"><img loading=\"lazy\" decoding=\"async\" width=\"809\" height=\"1024\" data-id=\"166\" src=\"https:\/\/annerozennpichoncuiec-psychologue.fr\/wp-content\/uploads\/2024\/08\/IMG-20230802-WA0005-2-edited-e1723734861182-809x1024.jpg\" alt=\"\" class=\"wp-image-166\" srcset=\"https:\/\/annerozennpichoncuiec-psychologue.fr\/wp-content\/uploads\/2024\/08\/IMG-20230802-WA0005-2-edited-e1723734861182-809x1024.jpg 809w, https:\/\/annerozennpichoncuiec-psychologue.fr\/wp-content\/uploads\/2024\/08\/IMG-20230802-WA0005-2-edited-e1723734861182-237x300.jpg 237w, https:\/\/annerozennpichoncuiec-psychologue.fr\/wp-content\/uploads\/2024\/08\/IMG-20230802-WA0005-2-edited-e1723734861182-768x972.jpg 768w, https:\/\/annerozennpichoncuiec-psychologue.fr\/wp-content\/uploads\/2024\/08\/IMG-20230802-WA0005-2-edited-e1723734861182.jpg 884w\" sizes=\"auto, (max-width: 809px) 100vw, 809px\" \/><\/figure>\n<\/figure>\n\n\n\n<p>Mieux se connaitre, comprendre ce qui nous anime ou nous freine dans notre vie, est une d\u00e9marche qui n\u00e9cessite l&rsquo;accompagnement d&rsquo;un professionnel form\u00e9 et investi dans la relation d&rsquo;aide. Dans ce cadre, je vous propose de vous accompagner vous ou votre enfant, afin de vous amener \u00e0 d\u00e9velopper les ressources qui vous m\u00e8neront sur le chemin de la r\u00e9silience.<\/p>\n\n\n\n<p><\/p>\n\n\n\n<p><\/p>\n","protected":false},"excerpt":{"rendered":"<p>Mieux se connaitre, comprendre ce qui nous anime ou nous freine dans notre vie, est une d\u00e9marche qui n\u00e9cessite l&rsquo;accompagnement d&rsquo;un professionnel form\u00e9 et investi dans la relation d&rsquo;aide. Dans ce cadre, je vous propose de vous accompagner vous ou votre enfant, afin de vous amener \u00e0 d\u00e9velopper les ressources qui vous m\u00e8neront sur le [&hellip;]<\/p>\n","protected":false},"author":1,"featured_media":166,"parent":0,"menu_order":0,"comment_status":"closed","ping_status":"closed","template":"","meta":{"footnotes":""},"class_list":["post-2","page","type-page","status-publish","has-post-thumbnail","hentry"],"yoast_head":"<!-- This site is optimized with the Yoast SEO plugin v27.4 - https:\/\/yoast.com\/product\/yoast-seo-wordpress\/ -->\n<title>Psychologue Brest - Le Relecq Kerhuon<\/title>\n<meta name=\"description\" content=\"- Psychologue Brest- wais - wisc - hpi - tlmr - psychoth\u00e9rapie - enfants - adolescents - adultes - bilan intellectuel - test - pr\u00e9cocit\u00e9\" \/>\n<meta name=\"robots\" content=\"index, follow, max-snippet:-1, max-image-preview:large, max-video-preview:-1\" \/>\n<link rel=\"canonical\" href=\"https:\/\/annerozennpichoncuiec-psychologue.fr\/\" \/>\n<meta property=\"og:locale\" content=\"fr_FR\" \/>\n<meta property=\"og:type\" content=\"article\" \/>\n<meta property=\"og:title\" content=\"Psychologue Brest - Le Relecq Kerhuon\" \/>\n<meta property=\"og:description\" content=\"- Psychologue Brest- wais - wisc - hpi - tlmr - psychoth\u00e9rapie - enfants - adolescents - adultes - bilan intellectuel - test - pr\u00e9cocit\u00e9\" \/>\n<meta property=\"og:url\" content=\"https:\/\/annerozennpichoncuiec-psychologue.fr\/\" \/>\n<meta property=\"og:site_name\" content=\"Anne-Rozenn PICHON-CUIEC\" \/>\n<meta property=\"article:modified_time\" content=\"2024-08-29T08:21:44+00:00\" \/>\n<meta property=\"og:image\" content=\"https:\/\/annerozennpichoncuiec-psychologue.fr\/wp-content\/uploads\/2024\/08\/IMG-20230802-WA0005-2-edited-e1723734861182.jpg\" \/>\n\t<meta property=\"og:image:width\" content=\"884\" \/>\n\t<meta property=\"og:image:height\" content=\"1119\" \/>\n\t<meta property=\"og:image:type\" content=\"image\/jpeg\" \/>\n<meta name=\"twitter:card\" content=\"summary_large_image\" \/>\n<meta name=\"twitter:label1\" content=\"Dur\u00e9e de lecture estim\u00e9e\" \/>\n\t<meta name=\"twitter:data1\" content=\"1 minute\" \/>\n<script type=\"application\/ld+json\" class=\"yoast-schema-graph\">{\"@context\":\"https:\\\/\\\/schema.org\",\"@graph\":[{\"@type\":\"WebPage\",\"@id\":\"https:\\\/\\\/annerozennpichoncuiec-psychologue.fr\\\/\",\"url\":\"https:\\\/\\\/annerozennpichoncuiec-psychologue.fr\\\/\",\"name\":\"Psychologue Brest - Le Relecq Kerhuon\",\"isPartOf\":{\"@id\":\"https:\\\/\\\/annerozennpichoncuiec-psychologue.fr\\\/#website\"},\"primaryImageOfPage\":{\"@id\":\"https:\\\/\\\/annerozennpichoncuiec-psychologue.fr\\\/#primaryimage\"},\"image\":{\"@id\":\"https:\\\/\\\/annerozennpichoncuiec-psychologue.fr\\\/#primaryimage\"},\"thumbnailUrl\":\"https:\\\/\\\/annerozennpichoncuiec-psychologue.fr\\\/wp-content\\\/uploads\\\/2024\\\/08\\\/IMG-20230802-WA0005-2-edited-e1723734861182.jpg\",\"datePublished\":\"2024-08-13T16:32:43+00:00\",\"dateModified\":\"2024-08-29T08:21:44+00:00\",\"description\":\"- Psychologue Brest- wais - wisc - hpi - tlmr - psychoth\u00e9rapie - enfants - adolescents - adultes - bilan intellectuel - test - pr\u00e9cocit\u00e9\",\"breadcrumb\":{\"@id\":\"https:\\\/\\\/annerozennpichoncuiec-psychologue.fr\\\/#breadcrumb\"},\"inLanguage\":\"fr-FR\",\"potentialAction\":[{\"@type\":\"ReadAction\",\"target\":[\"https:\\\/\\\/annerozennpichoncuiec-psychologue.fr\\\/\"]}]},{\"@type\":\"ImageObject\",\"inLanguage\":\"fr-FR\",\"@id\":\"https:\\\/\\\/annerozennpichoncuiec-psychologue.fr\\\/#primaryimage\",\"url\":\"https:\\\/\\\/annerozennpichoncuiec-psychologue.fr\\\/wp-content\\\/uploads\\\/2024\\\/08\\\/IMG-20230802-WA0005-2-edited-e1723734861182.jpg\",\"contentUrl\":\"https:\\\/\\\/annerozennpichoncuiec-psychologue.fr\\\/wp-content\\\/uploads\\\/2024\\\/08\\\/IMG-20230802-WA0005-2-edited-e1723734861182.jpg\",\"width\":884,\"height\":1119},{\"@type\":\"BreadcrumbList\",\"@id\":\"https:\\\/\\\/annerozennpichoncuiec-psychologue.fr\\\/#breadcrumb\",\"itemListElement\":[{\"@type\":\"ListItem\",\"position\":1,\"name\":\"Accueil\",\"item\":\"https:\\\/\\\/annerozennpichoncuiec-psychologue.fr\\\/\"},{\"@type\":\"ListItem\",\"position\":2,\"name\":\"Accueil\"}]},{\"@type\":\"WebSite\",\"@id\":\"https:\\\/\\\/annerozennpichoncuiec-psychologue.fr\\\/#website\",\"url\":\"https:\\\/\\\/annerozennpichoncuiec-psychologue.fr\\\/\",\"name\":\"Anne-Rozenn PICHON-CUIEC\",\"description\":\"Psychologue BREST - LE RELECQ KERHUON\",\"publisher\":{\"@id\":\"https:\\\/\\\/annerozennpichoncuiec-psychologue.fr\\\/#\\\/schema\\\/person\\\/5c16e7084f927a2830e3bf369dfc7181\"},\"potentialAction\":[{\"@type\":\"SearchAction\",\"target\":{\"@type\":\"EntryPoint\",\"urlTemplate\":\"https:\\\/\\\/annerozennpichoncuiec-psychologue.fr\\\/?s={search_term_string}\"},\"query-input\":{\"@type\":\"PropertyValueSpecification\",\"valueRequired\":true,\"valueName\":\"search_term_string\"}}],\"inLanguage\":\"fr-FR\"},{\"@type\":[\"Person\",\"Organization\"],\"@id\":\"https:\\\/\\\/annerozennpichoncuiec-psychologue.fr\\\/#\\\/schema\\\/person\\\/5c16e7084f927a2830e3bf369dfc7181\",\"name\":\"Anne-Rozenn Pichon-Cuiec\",\"image\":{\"@type\":\"ImageObject\",\"inLanguage\":\"fr-FR\",\"@id\":\"https:\\\/\\\/annerozennpichoncuiec-psychologue.fr\\\/wp-content\\\/uploads\\\/2024\\\/08\\\/LOGO.png\",\"url\":\"https:\\\/\\\/annerozennpichoncuiec-psychologue.fr\\\/wp-content\\\/uploads\\\/2024\\\/08\\\/LOGO.png\",\"contentUrl\":\"https:\\\/\\\/annerozennpichoncuiec-psychologue.fr\\\/wp-content\\\/uploads\\\/2024\\\/08\\\/LOGO.png\",\"width\":214,\"height\":277,\"caption\":\"Anne-Rozenn Pichon-Cuiec\"},\"logo\":{\"@id\":\"https:\\\/\\\/annerozennpichoncuiec-psychologue.fr\\\/wp-content\\\/uploads\\\/2024\\\/08\\\/LOGO.png\"}}]}<\/script>\n<!-- \/ Yoast SEO plugin. -->","yoast_head_json":{"title":"Psychologue Brest - Le Relecq Kerhuon","description":"- Psychologue Brest- wais - wisc - hpi - tlmr - psychoth\u00e9rapie - enfants - adolescents - adultes - bilan intellectuel - test - pr\u00e9cocit\u00e9","robots":{"index":"index","follow":"follow","max-snippet":"max-snippet:-1","max-image-preview":"max-image-preview:large","max-video-preview":"max-video-preview:-1"},"canonical":"https:\/\/annerozennpichoncuiec-psychologue.fr\/","og_locale":"fr_FR","og_type":"article","og_title":"Psychologue Brest - Le Relecq Kerhuon","og_description":"- Psychologue Brest- wais - wisc - hpi - tlmr - psychoth\u00e9rapie - enfants - adolescents - adultes - bilan intellectuel - test - pr\u00e9cocit\u00e9","og_url":"https:\/\/annerozennpichoncuiec-psychologue.fr\/","og_site_name":"Anne-Rozenn PICHON-CUIEC","article_modified_time":"2024-08-29T08:21:44+00:00","og_image":[{"width":884,"height":1119,"url":"https:\/\/annerozennpichoncuiec-psychologue.fr\/wp-content\/uploads\/2024\/08\/IMG-20230802-WA0005-2-edited-e1723734861182.jpg","type":"image\/jpeg"}],"twitter_card":"summary_large_image","twitter_misc":{"Dur\u00e9e de lecture estim\u00e9e":"1 minute"},"schema":{"@context":"https:\/\/schema.org","@graph":[{"@type":"WebPage","@id":"https:\/\/annerozennpichoncuiec-psychologue.fr\/","url":"https:\/\/annerozennpichoncuiec-psychologue.fr\/","name":"Psychologue Brest - Le Relecq Kerhuon","isPartOf":{"@id":"https:\/\/annerozennpichoncuiec-psychologue.fr\/#website"},"primaryImageOfPage":{"@id":"https:\/\/annerozennpichoncuiec-psychologue.fr\/#primaryimage"},"image":{"@id":"https:\/\/annerozennpichoncuiec-psychologue.fr\/#primaryimage"},"thumbnailUrl":"https:\/\/annerozennpichoncuiec-psychologue.fr\/wp-content\/uploads\/2024\/08\/IMG-20230802-WA0005-2-edited-e1723734861182.jpg","datePublished":"2024-08-13T16:32:43+00:00","dateModified":"2024-08-29T08:21:44+00:00","description":"- Psychologue Brest- wais - wisc - hpi - tlmr - psychoth\u00e9rapie - enfants - adolescents - adultes - bilan intellectuel - test - pr\u00e9cocit\u00e9","breadcrumb":{"@id":"https:\/\/annerozennpichoncuiec-psychologue.fr\/#breadcrumb"},"inLanguage":"fr-FR","potentialAction":[{"@type":"ReadAction","target":["https:\/\/annerozennpichoncuiec-psychologue.fr\/"]}]},{"@type":"ImageObject","inLanguage":"fr-FR","@id":"https:\/\/annerozennpichoncuiec-psychologue.fr\/#primaryimage","url":"https:\/\/annerozennpichoncuiec-psychologue.fr\/wp-content\/uploads\/2024\/08\/IMG-20230802-WA0005-2-edited-e1723734861182.jpg","contentUrl":"https:\/\/annerozennpichoncuiec-psychologue.fr\/wp-content\/uploads\/2024\/08\/IMG-20230802-WA0005-2-edited-e1723734861182.jpg","width":884,"height":1119},{"@type":"BreadcrumbList","@id":"https:\/\/annerozennpichoncuiec-psychologue.fr\/#breadcrumb","itemListElement":[{"@type":"ListItem","position":1,"name":"Accueil","item":"https:\/\/annerozennpichoncuiec-psychologue.fr\/"},{"@type":"ListItem","position":2,"name":"Accueil"}]},{"@type":"WebSite","@id":"https:\/\/annerozennpichoncuiec-psychologue.fr\/#website","url":"https:\/\/annerozennpichoncuiec-psychologue.fr\/","name":"Anne-Rozenn PICHON-CUIEC","description":"Psychologue BREST - LE RELECQ KERHUON","publisher":{"@id":"https:\/\/annerozennpichoncuiec-psychologue.fr\/#\/schema\/person\/5c16e7084f927a2830e3bf369dfc7181"},"potentialAction":[{"@type":"SearchAction","target":{"@type":"EntryPoint","urlTemplate":"https:\/\/annerozennpichoncuiec-psychologue.fr\/?s={search_term_string}"},"query-input":{"@type":"PropertyValueSpecification","valueRequired":true,"valueName":"search_term_string"}}],"inLanguage":"fr-FR"},{"@type":["Person","Organization"],"@id":"https:\/\/annerozennpichoncuiec-psychologue.fr\/#\/schema\/person\/5c16e7084f927a2830e3bf369dfc7181","name":"Anne-Rozenn Pichon-Cuiec","image":{"@type":"ImageObject","inLanguage":"fr-FR","@id":"https:\/\/annerozennpichoncuiec-psychologue.fr\/wp-content\/uploads\/2024\/08\/LOGO.png","url":"https:\/\/annerozennpichoncuiec-psychologue.fr\/wp-content\/uploads\/2024\/08\/LOGO.png","contentUrl":"https:\/\/annerozennpichoncuiec-psychologue.fr\/wp-content\/uploads\/2024\/08\/LOGO.png","width":214,"height":277,"caption":"Anne-Rozenn Pichon-Cuiec"},"logo":{"@id":"https:\/\/annerozennpichoncuiec-psychologue.fr\/wp-content\/uploads\/2024\/08\/LOGO.png"}}]}},"_links":{"self":[{"href":"https:\/\/annerozennpichoncuiec-psychologue.fr\/index.php\/wp-json\/wp\/v2\/pages\/2","targetHints":{"allow":["GET"]}}],"collection":[{"href":"https:\/\/annerozennpichoncuiec-psychologue.fr\/index.php\/wp-json\/wp\/v2\/pages"}],"about":[{"href":"https:\/\/annerozennpichoncuiec-psychologue.fr\/index.php\/wp-json\/wp\/v2\/types\/page"}],"author":[{"embeddable":true,"href":"https:\/\/annerozennpichoncuiec-psychologue.fr\/index.php\/wp-json\/wp\/v2\/users\/1"}],"replies":[{"embeddable":true,"href":"https:\/\/annerozennpichoncuiec-psychologue.fr\/index.php\/wp-json\/wp\/v2\/comments?post=2"}],"version-history":[{"count":6,"href":"https:\/\/annerozennpichoncuiec-psychologue.fr\/index.php\/wp-json\/wp\/v2\/pages\/2\/revisions"}],"predecessor-version":[{"id":170,"href":"https:\/\/annerozennpichoncuiec-psychologue.fr\/index.php\/wp-json\/wp\/v2\/pages\/2\/revisions\/170"}],"wp:featuredmedia":[{"embeddable":true,"href":"https:\/\/annerozennpichoncuiec-psychologue.fr\/index.php\/wp-json\/wp\/v2\/media\/166"}],"wp:attachment":[{"href":"https:\/\/annerozennpichoncuiec-psychologue.fr\/index.php\/wp-json\/wp\/v2\/media?parent=2"}],"curies":[{"name":"wp","href":"https:\/\/api.w.org\/{rel}","templated":true}]}}